*d - d. Is d composite?
False
Let d be 3 - (-4844 - (-1 + 1)). Suppose -q = -2*q + z + 10, -z + 20 = 4*q. Suppose q*g - d = -113. Is g a prime number?
False
Let l = -1 - -5. Let x = 8 - l. Suppose 703 + 93 = x*r. Is r a composite number?
False
Is -5 - 20*(-3955)/14 composite?
True
Let c be (-714)/(-91) + 3 - 4/(-26). Suppose -j - 1390 = -c*j. Is j composite?
False
Let p be (4 + 3)*(54/(-21))/(-3). Suppose -1443 = -p*l + 1191. Is l prime?
True
Suppose -67497 + 11173 = -4*l. Is l prime?
True
Let n(w) = w**2 + 8*w - 8. Let g be n(-8). Is g/(-12)*1401/2 a prime number?
True
Suppose 25 = -5*x - 20. Let i = x - -10. Is -669*i*3/(-9) composite?
False
Let n(f) = 36*f**2 + 63*f + 389. Is n(-18) prime?
False
Suppose -2*y - s + 327 = 20, -4*y + 3*s = -599. Suppose 1490 = 6*v + y. Is v composite?
False
Let n(w) = 2681*w**3 + 2*w**2 - 3*w + 1. Let j(u) = -u + 2. Let k be j(1). Is n(k) composite?
True
Let a(l) = -4*l**3 - 7*l**2 + 15*l - 9. Let p = 1 + -9. Is a(p) a prime number?
True
Suppose -6*w = 9*w + 2100. Is 44*14/w*110/(-4) prime?
False
Suppose 0 = 8*m - 4*m + 356. Let x = -63 - m. Is x prime?
False
Let p = 21 - 18. Suppose 4*q = 20, 0 = -w + p*w + 2*q - 752. Is w a prime number?
False
Suppose r - 188 = -3*r + 3*l, 0 = -3*r - 5*l + 141. Let m(p) = p**2 - 8*p + 4. Let w be m(8). Suppose w*d - r = 3*d. Is d a composite number?
False
Suppose l = -6 + 9. Suppose -2*f + 4474 = 5*a, -f = l*f + a - 8948. Is f prime?
True
Suppose 4*y + 40 = 2*d, 5*y = -d - d - 41. Let x = y + 7. Is (3 - 398)/(-1) - x a prime number?
True
Suppose -24*h + 46831 = -56153. Is h prime?
False
Let s = 144 + -142. Suppose s*c - 4*o = 998, c - 5*o = -0*c + 511. Is c composite?
False
Suppose 4*c - 545 = 6939. Is c a prime number?
True
Let w(n) = 0 + 6*n**3 + 3*n - 2 - 3. Suppose -16*h + 104 = 10*h. Is w(h) composite?
True
Suppose p = -3*y - 7226 + 23101, 3*y = -5*p + 15859. Is y prime?
False
Let j be 21 + -2 + (0 - -6). Suppose 32 = 4*z + 4*p, -3*z - 5*p = -9 - j. Is ((-2)/z)/(24/(-6876)) prime?
True
Is (4 - (-44)/(-8))*(-12614)/21 prime?
False
Let r = -7 - -28. Let g be (4/6)/(7/r). Suppose -g*v + 73 = -3. Is v composite?
True
Suppose 13*c - 2916 = 4*c. Suppose -5*j + 4424 = 4*p, 803 = p - 4*j - c. Is p a composite number?
True
Let s(p) = 3*p**3 - 3*p**2 + 7*p - 6. Let j(c) = c**3 + 5*c**2 - 7*c - 2. Let d be j(-6). Suppose k = d*k - 12. Is s(k) composite?
True
Suppose 0 = 31*o + 270916 - 2589623. Is o a prime number?
True
Let b be 12/15 + (-4)/(-20). Let s(o) = o - 2. Let z be s(b). Is (z - 18*-9)*1 composite?
True
Suppose -3*y + 8 = 2. Suppose 0 = -2*o - 3*f - y*f + 1380, -3*f = -3*o + 2091. Is o/(-10)*(-1 + -1) prime?
True
Suppose -4*l - 3*h + 119162 = 20478, -5*l + 123355 = 2*h. Is l prime?
True
Suppose -8 = 2*a - 4*d, d + 3 = 2*d. Suppose -7*h + a*h = -20. Let q(g) = 5*g**2 + 4*g - 2. Is q(h) prime?
False
Let v(b) = -57*b + 10. Let n be (-2)/8 + (-29)/(-4). Suppose n = -3*m + 2*m. Is v(m) composite?
False
Is 133528/3 + -1*(-12)/(-36) composite?
True
Suppose -4*r + 0 = v + 4, 0 = -2*r - 5*v - 20. Suppose u + 2*u - 4*t = 5947, r = 4*u + t - 7942. Is u a composite number?
True
Let m(h) = 7*h**3 + 7*h**2 + 8*h + 13. Let d(r) = -8*r**3 - 7*r**2 - 9*r - 13. Let q(a) = -4*d(a) - 5*m(a). Is q(-6) composite?
True
Suppose 2*d = 6*d. Let b(n) = -n**2 - 8*n + 3. Let f be b(-6). Suppose d*q - f = -q + 2*j, -11 = -q + j. Is q a composite number?
False
Let m(w) = 27*w + 276. Let k be m(-9). Suppose -2*q = 3*q + 110. Is k/q*854/(-3) composite?
True
Let d be 9 + 5*(-6)/(-15). Let c = -9 + d. Suppose -c*j = -7*j + 635. Is j a composite number?
False
Suppose -3*z + 6034 = -2108. Let y = z + -1813. Is y prime?
False
Let w(h) be the first derivative of -5*h**2/2 - 7*h - 3. Let k be w(-4). Suppose -11*r = -k*r + 178. Is r prime?
True
Suppose k + 55530 = x + 917, 3*x = k + 163847. Is x a prime number?
True
Let t(q) = -14*q - 9. Let f be t(-1). Suppose 4*k + 8*d - 7*d - 1047 = 0, -2*d = f*k - 1305. Is k composite?
False
Let a(s) = 422*s**3 - 2*s**2 + 8*s - 39. Is a(4) a composite number?
True
Let d(u) = 9*u**2 + 15*u + 15. Let q be d(-12). Suppose -3*j + 2*s = -s - q, 2*j - 5*s = 742. Is j prime?
False
Let u(h) = -58*h - 117. Is u(-20) a prime number?
False
Let y(j) = j**3 - 4*j**2 + 3*j. Let l be y(2). Let s be l/(-4)*(-4 - -20). Suppose -5*i = s - 103. Is i a composite number?
False
Suppose 3*f = -2*o + 2792, f = 3*o + 1216 - 5415. Is o a composite number?
False
Let p = 9322 - 4949. Is p a composite number?
False
Suppose 0 = 5*z + 2*m - 10944 - 16575, 5*m + 16499 = 3*z. Is z composite?
False
Let h = -16 - -14. Is (-379)/(h + -1 + 2) a prime number?
True
Suppose 3*f + 4*c - 62907 = 0, f = 3*c - 2*c + 20969. Is f prime?
False
Suppose -7*k = -4*k - k. Suppose -6*j + 19*j - 9893 = k. Is j a composite number?
False
Let i(z) = -4 + 14*z**2 + 3*z + z - 21*z**2 + 4*z**3. Is i(3) a composite number?
False
Let d(a) = 11*a - 10. Suppose 2*s + 29 + 86 = 5*q, 0 = q + s - 30. Let x be (54/(-15))/((-10)/q). Is d(x) prime?
True
Let t(w) = -21*w**3 - 3*w**2 + w - 31. Is t(-6) a composite number?
False
Suppose 0 = 4*i - 2*i - 62. Suppose i = -3*n + 10. Is 1028/28 + (-2)/n prime?
True
Is (-1347702)/(-22) + (-6)/33 prime?
False
Suppose 4*n + n - 3*b = 0, -3*n + b = 0. Let f be -3*(n - (-2)/6). Is (f - -6)*(37 - -4) a composite number?
True
Is (19/(-2))/((-118212)/(-19704) - 6) composite?
True
Suppose 0 = 3*c - 18 - 3. Let u(o) = 10*o**2 + 12*o - 23. Is u(c) a prime number?
False
Suppose -2*y = 3 - 7. Suppose 0*m + 568 = y*t + 4*m, -t + 272 = -4*m. Let l = t + -157. Is l a composite number?
True
Is (-3)/2*75860/(-30) a composite number?
False
Let x = 21 - 13. Suppose 0 = 3*y - x*y. Suppose -4*i + 8*i + h - 260 = y, 0 = -5*i + 5*h + 325. Is i prime?
False
Let k(x) = -x**3 - x + 5. Suppose 4*c + 4*w = 8, -5*c + 3 - 1 = 3*w. Let o be 4 + -4 - (-14)/c. Is k(o) composite?
True
Let u be 0 - (-8)/4 - 1163. Let y = -637 - u. Suppose -x + y + 1779 = 2*j, 1 = x. Is j composite?
False
Let x = -6 + -2. Let y be (-2)/(-4) - 684/x. Is y - (2 + -2 + -3) composite?
False
Let i be ((-7)/7)/(1/(-2)). Suppose -b - 17 = -3*k, i*b = -2*k - 0*b + 6. Is (332/(-4))/((-1)/k) composite?
True
Suppose -13*i + 2469 + 5942 = 0. Is i composite?
False
Is ((-1)/(-2))/((-2315770)/(-192980) + -12) a composite number?
False
Suppose -2*g + 149 = -g - 3*b, 2*b = g - 150. Let n = g + -65. Suppose n = j - 4*i, -2*j + 0*i = -5*i - 171. Is j a composite number?
False
Suppose -3*f + 3*o + 165 = 0, 3*f = -0*o + o + 161. Suppose s - f = 2*z, 4*s - 265 = -s - z. Suppose -n + 5*j + s = 0, -5*n + 4*j = -j - 265. Is n composite?
False
Suppose 0*i = -5*i + 7215. Let t be i/2 - 2/(-4). Suppose -3*z + 2*h + 2*h + 431 = 0, -5*z + t = -3*h. Is z a prime number?
False
Suppose 6156 = 7*t - 466. Let q = 269 + 96. Let x = t - q. Is x prime?
False
Suppose 0 = 4*g - 4*o - 11388, o - 4*o - 12 = 0. Suppose -3785 = -4*f + g. Is f a prime number?
True
Suppose o - 9 = -2*q + 4, 0 = -2*q + 8. Let w(y) = 43*y - 12. Is w(o) composite?
True
Let n(r) be the third derivative of -41*r**4/12 + 25*r**3/6 - 9*r**2. Is n(-15) composite?
True
Let c = -15 + 21. Suppose 2*d + u - 374 = 0, -2*u = -2 - c. Is d prime?
False
Let m(v) = v**3 + 12*v**2 + 11*v - 3. Let k(l) = l**2 + 1. Let t(o) = -3*o + 1. Let h be t(1). Let u(n) = h*k(n) + m(n). Is u(-8) a composite number?
True
Is 8501 + -11 + 7 - 0 a prime number?
False
Let a(y) be the first derivative of y**3 + 2*y**2 + 13*y - 37. Suppose t + 3*h + 15 = -2*t, 9 = -t + 3*h. Is a(t) a prime number?
True
Let a(s) = -s**2 + 2*s + 1. Let c be a(2). Is 1/(13/(-30329)*c/(-1)) a composite number?
False
Let b be 39/1*(-11)/(-33). Suppose -16 = 4*i - 4*h, 4*i + 2 = 3*h - b. Is (-3 - -6) + 3 + i a composite number?
False
Let s(u) = u**2 - 7*u + 6. Let k be s(6). Suppose k = -2*h + 3*h - b - 581, -4 = -2*b. Is h prime?
False
Is (-1)/(1/(-5)) - (-101 - 3967) composite?
False
Let a = 3 - -1. Suppose 0 = 4*c + a*c - 7256. Is c prime?
True
Let g be (-4)/6 - 700/(-6). Suppose -5*j + 3*y - 98 = 217, 2*j + 126 = 4*y. Let n = g + j. Is n prime?
True
Is (-2)/3 + (1 - (-25264)/6) a composite number?
False
Suppose 3*d + 3 = 3*u, -5*d + 43 = 5*u + 8. Let h(f) = -f**2 + 8*f - 6. Is h(u) a prime number?
False
Suppose 3646 + 21107 = 3*n. Is n composite?
True
Suppose 4*j - 